
True
Suppose -5*u - 2*t + 79 = 0, 3*u = -2*t + 9 + 40. Let m be 2/7 - 60/(-35). Suppose -4*s + 3*j = -18, m*j - u = -3*s + 5*j. Is s a composite number?
False
Let s be 1 + (-4 - 2)/(-2). Suppose 284 = -s*p + 8*p. Is p a prime number?
True
Let m be 0*(-1)/(-2) - -398. Suppose -4*h + 2*h + 3*c - 408 = 0, -1039 = 5*h + 2*c. Let j = h + m. Is j prime?
True
Suppose 0 = 5*v - j - 4446, -v - 2*j - 20 = -907. Is v a prime number?
False
Let w = -5 - -7. Is -3 - (1*-964)/w a composite number?
False
Suppose -9 = -2*t - 21. Suppose 0*w + 3*w + 135 = 0. Is w/t + (-2)/4 a prime number?
True
Let n(w) = -w - 6. Let d be n(-6). Is 47 - (-2 - -3)*d a prime number?
True
Suppose x + i = 1974, 0 = -2*x + 5*i - 383 + 4324. Is x a composite number?
False
Suppose 8*d + 10809 = 17*d. Is d composite?
False
Let n(q) = -3*q**2 + 35*q - 5. Is n(9) prime?
True
Let b(p) = p**3 - 3*p**2 - 2*p + 1. Let h(l) = l + 17. Let z be h(-8). Is b(z) prime?
False
Suppose n + 4*n = 30. Let r(p) = -1. Let b(o) = o + 3. Let m(v) = n*b(v) + 14*r(v). Is m(5) a prime number?
False
Suppose -4*x - 649 = -2*w - w, -3*w + 617 = 4*x. Is w a composite number?
False
Suppose -3*y = -12 - 0. Let o be 52/(-2*(-2)/y). Suppose 3*v = 2*q - 100 - o, 3*q - 245 = -4*v. Is q composite?
False
Let p be 3 + (1 - -1 - 0). Suppose 39 - 3 = -2*x - p*m, x + 16 = -2*m. Let c = 29 + x. Is c prime?
False
Let q(s) = 9*s**3 + 3*s**2 - 2*s - 1. Is q(2) composite?
False
Let r(h) = -h**3 - 2*h**2 - h - 3. Suppose 24 = -0*t - 3*t. Is r(t) a composite number?
False
Let d(b) = b - 572. Let i be d(0). Let y = i - -1185. Is y a composite number?
False
Suppose -4*n + 111 = -2429. Is n prime?
False
Is -2 + 148 + 3/1 a composite number?
False
Let b(i) = 74*i - 39. Is b(7) a prime number?
True
Let t = 20 + 27. Is t a composite number?
False
Suppose 3 = v + 1. Suppose 3 = v*o + 1. Suppose -4*j - o = -13. Is j prime?
True
Let v(f) = f**2 + 2*f - 1. Let x be v(-3). Suppose -x*i = 4*r + 12 + 18, -5*i - 2*r - 83 = 0. Let s = i + 54. Is s a composite number?
False
Is -2*586*(-3)/12 a prime number?
True
Let i be ((-6)/6)/(2/(-14)). Suppose 5*c = l - 160, i*l - 2*l - 5*c = 900. Is l a prime number?
False
Is (-2)/(((-2)/3)/(2008/24)) a composite number?
False
Suppose -186 + 38 = -l. Suppose c = 85 + l. Is c a prime number?
True
Let d = 1 - 11. Let i = 14 + d. Is i a prime number?
False
Let v be ((-102)/12)/((-1)/(-2)). Let c = -6 - v. Is c composite?
False
Let p(n) = 0*n - 3*n + 4*n**2 + 1 + 9*n**2 - 2. Is p(-4) a composite number?
True
Suppose 433 + 6249 = 4*y + 2*n, 2*n - 10 = 0. Is (3/(-2))/((-6)/y) prime?
False
Let m(l) = -12*l - 4. Let v be m(-3). Suppose 4*f = -n - 15, 4*n + v = -2*f - 0*f. Let x = n - -16. Is x a prime number?
False
Suppose 0 = -4*y - 12 - 8. Let f be y/(15/(-54)) + 1. Let b = 4 + f. Is b a composite number?
False
Is 238 + 11 + 5*1 prime?
False
Let v = -34 + 22. Let i = 43 + v. Is i a composite number?
False
Suppose -5*p = 3*a - 34, -3*a + 3 + 6 = 0. Let k = p - 3. Suppose -3*w - 41 = -5*n, -k*n + 2*w = -10 - 8. Is n a composite number?
False
Let q be 0/(3/(-1) - -4). Suppose -x + 4*m + 3 = q, -x - m = -0*x - 23. Is x prime?
True
Let w(b) be the second derivative of -b**4/12 - 13*b**3/6 + 5*b**2 + 9*b. Is w(-9) a composite number?
True
Is 0 - -2452 - 48/16 prime?
False
Let u = 12 + 19. Suppose -5*z - 25 = -3*o, 3*o - z = 2*o + 7. Suppose -3*d + a - u = -5*d, o*d - 73 = 2*a. Is d a prime number?
False
Suppose 4*k = 3*i - 298, 2*k = -i - 32 + 138. Suppose 4 = -4*v, 9*v - 7 = -3*l + 4*v. Suppose -l*c + 46 + i = 0. Is c composite?
False
Let m(b) = b + 8. Let v be m(-4). Suppose 3*f - 1586 = -v*u, 4*u + 3*f - 1582 = -2*f. Is u a prime number?
False
Let l(g) = -g**3 - 4*g**2 - 6*g + 7. Let c be ((-1)/(2/12))/1. Is l(c) a composite number?
True
Is (-2)/3 - (-7375)/15 composite?
False
Is (-4050)/(-6) - (1 + -5) a composite number?
True
Let a(t) = -10*t + 9. Is a(-4) a composite number?
True
Suppose z - 3 = 5. Suppose 4*i + 3*j = 86 - z, j = -2*i + 40. Is i a prime number?
False
Suppose 5*p + 5*a = 8*a + 1022, 0 = -4*p + 5*a + 815. Let i = 416 - p. Is i a composite number?
False
Suppose 5*p + 3*i - 7 = 0, 0*p = -3*p + 3*i - 15. Let x be (p + -2)*(-296)/6. Suppose 2*c + 2*c - x = 0. Is c a composite number?
False
Let b be 1206/4 + (-1)/2. Suppose 157 = 2*q - 3*h, 5*h - 67 = 3*q - b. Is q prime?
True
Let z = 7 - 2. Suppose l = 4*o + 25, 6*o - 3*o + 176 = z*l. Is l a prime number?
True
Let b = -18 - -15. Let f(q) = -110*q - 1. Is f(b) a composite number?
True
Let w(f) = f**2 + f - 8. Let b be (-3)/(-21) + (-34)/(-7). Is w(b) composite?
True
Let m = 59 - 121. Suppose 118 = -3*z - x, -3*x + 206 = -5*z - 0*x. Let v = z - m. Is v prime?
False
Let c(b) = 43*b**2 - 39*b + 9. Is c(13) a composite number?
True
Let p(t) = -t**3 - 6*t**2 - 15*t - 13. Is p(-10) a composite number?
True
Suppose 5*q + 5*f - 330 = 0, 2 = -5*q - 4*f + 334. Suppose 3*j = -2*j + 555. Let r = j - q. Is r prime?
True
Let m = 173 - 104. Is m a composite number?
True
Suppose 6137 = 4*z - 3*q, -3*z + 4*q + 6322 = 1721. Is z composite?
True
Let y = -7 + 5. Let m = 4 + y. Is (m/6)/((-3)/(-117)) a prime number?
True
Let i be (15/6)/((-1)/28). Let b = i + 231. Is b composite?
True
Suppose 4*z - 4*b = 104, z + z = -b + 67. Suppose 5*p = 5*g - 15, -z = -5*g - 2*p - 2. Let i = g - -30. Is i composite?
True
Let v = -17 - -12. Is 3035/25 + 2/v composite?
True
Let d(o) = -o**3 + 5 + 11*o**2 - 12*o + 6*o**2 - 2*o**2 + 14. Is d(13) a composite number?
True
Suppose 0 = -15*n + 87912 + 9453. Is n a prime number?
True
Let l(k) = 47*k**2 - 2*k - 1. Is l(-2) a composite number?
False
Let l be (4 + -2)*(-1 + 72). Suppose -2*g + 3*g = 4, -2*j - 2*g = -l. Is j a prime number?
True
Let x(z) be the first derivative of -z**6/120 + z**5/10 - z**4/8 - 2*z**3/3 - z**2/2 + 1. Let k(w) be the second derivative of x(w). Is k(5) composite?
True
Suppose 2*i - 14 = -0*i. Let t be (i/3)/(6/108). Suppose -x - x = -t. Is x composite?
True
Let z = 4 + -1. Let g(a) = a**2 + 8*a - 7. Let f be g(8). Suppose f = b + 2*h - 4*h, -473 = -4*b - z*h. Is b a prime number?
False
Let t(n) = 49*n**3 + 2*n**2 - 2. Let y be t(2). Suppose -5*w + 207 = -y. Is w a prime number?
False
Is (-1 + 6)/(-10)*-70 a prime number?
False
Let u(c) = 36*c + 1. Let d be u(6). Let b = d + -120. Is b a prime number?
True
Let f(m) be the first derivative of 3*m - 4 - 5*m + 2*m**2 + 5. Is f(3) a composite number?
True
Let l be (-4)/(-10) - (-1119)/15. Suppose -b = -6*b + l. Is b a prime number?
False
Suppose 18*s - 7*s - 1969 = 0. Is s prime?
True
Is 2/(2/746 - 0) prime?
False
Let d be 23/5 + 12/(-20). Suppose 0 = -d*o + 162 + 290. Is o composite?
False
Let j = 423 + 1160. Is j a prime number?
True
Let o = -6 + 1. Let n be (-24)/(-1 - o/2). Let m = n + 23. Is m prime?
True
Suppose 10 = -8*w + 3*w. Let j be (1 - 2)*8/1. Is (65/4)/(w/j) prime?
False
Let k(h) = -2*h + 0*h + 3*h + 2 - 12. Let f be k(12). Suppose 5*q = -5*t + 10 + 20, f*t - 2 = -q. Is q prime?
False
Is (-373)/(-7) + 2/(-7) prime?
True
Let x(g) = -g**3 - 7*g**2 - 2*g - 5. Let o be x(-5). Let k be 3 + (-29 - -2) + -2. Let u = k - o. Is u a composite number?
False
Let z(g) = 4*g**2 + 14*g + 1. Is z(12) composite?
True
Suppose 2*u - 4*q = u + 120, u + 4*q - 88 = 0. Suppose 109 = -5*s - g - u, 5*g = -3*s - 141. Let c = s + 77. Is c a prime number?
False
Let z = -541 + 832. Suppose 2*v - 4*k + 5*k = 584, k = -v + z. Is v a composite number?
False
Suppose 0 = -p + 3*p - 382. Is p composite?
False
Suppose -3*z - s + 980 = 0, z - 3*z = -3*s - 657. Let t = z - 164. Is t a prime number?
True
Is ((-1)/(-2))/((-5)/(-530)) composite?
False
Let c = 15 - 11. Suppose -3*b = -c*b. Suppose 11 = j - b*j. Is j a prime number?
True
Let a be -1*2 + -6 + 14. Let c(s) = 8*s - 13. Is c(a) a composite number?
True
Let b(n) = -n**3 - 3*n**2 - 2*n - 3. Let r be b(-3). Suppose 4*s + r*z - z = 14, 0 = 3*s + 5*z - 28. Let p = 36 - s. Is p a composite number?
True
Let a be (-15)/(-12)*-2*-2. Is (a/3)/((-2)/(-18)) a composite number?
True
Let w(p) = -p**2 - 2*p - 5. Let u be w(5). Let o = u + -4. Is (-1 + -2)/(4/o) prime?
False
Let c be 4/3*57/(-2). Let a be 1/(((-3)/3)/c). Suppose 0 = 2*o - 0*o - a. Is o composite?
False
Suppose -3*d + 3*m = -330, 4*d + d + 5*m - 580 = 0. Is d composite?
False
Let b(w)